
Let j = -381 + 759. Let z = -371 + j. Let i(l) = -l**2 + 10*l - 22. Determine i(z).
-1
Let h = -542 + 546. Let v(n) be the first derivative of -n**4/4 + n**3 + 3*n**2/2 - n + 7. Determine v(h).
-5
Let o(s) = s. Suppose 4*k + r - 11 = 0, 2*k - r + 3*r = -2. Suppose 0 = -d - k*d. Suppose d = g + 2*g + 9. What is o(g)?
-3
Let z(l) = -13*l + 58. Let y(q) = -q**2 + 2*q + 4. Let h be y(2). Let n be z(h). Let b(o) = -o**3 + 7*o**2 - 8*o + 4. Give b(n).
-8
Let u = 61 + -57. Let v(t) = 3*t**2 + 15*t - 10. Let b(o) = 2*o**2 + 14*o - 10. Let y(g) = u*b(g) - 3*v(g). Calculate y(8).
14
Let u(w) = -175*w + 691*w - 175*w - 17 - 174*w - 170*w - 5*w**2. Determine u(-5).
-127
Let b(r) = -4*r - 3. Let h(k) = 184*k + 1 - 3 - 186*k. Let y(l) = 2*b(l) - 5*h(l). Give y(-4).
-4
Let n be 407 + -416 + (0/3 - -12). Let b(r) be the second derivative of -1/4*r**4 + 0 - 1/20*r**5 + 0*r**2 - 1/3*r**n + 6*r. Calculate b(-2).
0
Let b(x) = 7*x**3 + 14*x**2 + 18*x - 23. Let l(f) = 15*f**3 + 29*f**2 + 38*f - 50. Let t(i) = 13*b(i) - 6*l(i). Calculate t(-7).
8
Suppose 0 = 40*w - 44*w - 16. Let l be (w - (1 - 6)) + 1. Let i(f) = -7 + 7 - 3*f**2 + 9*f**l. What is i(-1)?
6
Let c(q) = q**3 - 10*q**2 - 19*q + 41. Let h be c(12). Let n = 121 - h. Let y(l) = -6*l - l**3 + n*l**2 - 11*l**2 + 3 - 11*l**2 - 6*l**2. What is y(-7)?
-4
Let u(z) = -5*z + 57. Let p(l) = 4*l - 51. Let a(c) = 6*p(c) + 5*u(c). Determine a(-10).
-11
Suppose 127*h - 8 = 123*h. Let r(i) = -14 + 8*i**h + 0*i + i - 12 - 7*i**2. Give r(0).
-26
Let t(b) = b**2 + 10*b**3 + 0 + 3 - 4. Let w be -15 + 329 + 0/(-1 + 2). Let p = w - 315. Give t(p).
-10
Let r be (-22 + 880/32)*6/11. Let z(y) be the first derivative of r*y - 28 + 1/2*y**2. What is z(8)?
11
Let h(f) = -3*f**2 - 48*f + 82. Let i(b) = -6*b**2 - 121*b + 163. Let a(c) = -5*h(c) + 2*i(c). Calculate a(-6).
36
Let u(a) = -a**3 - 13*a**2 - 4*a - 40. Let v(j) = 2*j**3 + 12*j**2 + 3*j + 5. Let f be v(-6). Let m be u(f). Let t(k) = k**2 - 12*k + 7. Determine t(m).
7
Let r(x) = -x**2 - 2*x - 1. Let d(t) = 2*t**2 + 64*t + 73. Let m be d(-30). Let f be (-32)/6 + m/(-141). Give r(f).
-16
Let f be 34/((-2165)/725 - -3). Let v(a) = -1 + 1232*a + 1234*a - f*a. What is v(9)?
8
Let m(j) = -3*j**3 + 3*j**2 + 3*j - 6. Suppose 12 = 2*q + 4*c, -4*q = -q + 5*c - 16. Calculate m(q).
-12
Let u be -1*(4 + -1) - (-39 + 32). Let w be (-1)/(-2) + ((-10)/u - 4). Let o(v) = v - 11. Let y(l) = 4*l - 34. Let p(r) = -16*o(r) + 5*y(r). Calculate p(w).
-18
Let i = 17 + -16. Let s(u) = i + u + 7 - 3*u + u. Let p(l) = -7. Let h(f) = -4*p(f) - 3*s(f). What is h(-6)?
-14
Let k(b) be the first derivative of 3*b**4/4 + b**3/3 + b**2 - 6019. Give k(2).
32
Let h(s) be the third derivative of 29*s**4/24 + 10*s**3/3 + 3528*s**2. What is h(-1)?
-9
Let y(x) = -2*x + x**2 - 39 - x + 14*x. Calculate y(-13).
-13
Let t(r) = -45*r - 43. Let j(u) = -23*u - 21. Let m(v) = 7*j(v) - 4*t(v). Let y be m(-2). Let n(s) = s**2 + 12*s - 8. What is n(y)?
5
Let m(t) be the second derivative of -t**3/6 + t**2 + 10722*t. Suppose -3*g + 4*s = -1 - 6, -s - 13 = -3*g. Give m(g).
-3
Let r(b) = 17*b - 457. Let t = -26791 - -26817. Calculate r(t).
-15
Let t(g) = g**2 + 20*g + 55. Suppose r + 4*i = -15, 5*r + 42 - 30 = i. Calculate t(r).
4
Let h(f) be the third derivative of -f**5/60 + 3*f**4/4 + 5*f**3/3 - 7*f**2 - 22*f + 9. Give h(13).
75
Let p(k) = k - 16. Let w be p(21). Let d = 7 - w. Let t(a) = 13 + a**3 - 2*a - 12 + 3*a**d + 0*a**2. Calculate t(-3).
7
Let x(u) = -10*u**3 + u - 1. Let o be (-1 + -2)/(15/1370). Let n = o - -275. Determine x(n).
-10
Let a(f) = 2*f - 7. Suppose 28*d - 24*d - 12 = -m, -20 = -4*d + m. Suppose d*h - 35 = -5*b, -12*h - b - 2 = -13*h. Calculate a(h).
3
Let v(g) = -42*g + 4. Let y be v(0). Suppose y*u + 17 = -5*h, 0*u = 5*h + u + 8. Let o(c) = -5*c**3 + c**2 - 2*c - 2. Calculate o(h).
6
Suppose -29 = 2*r + o, -372 = -5*r - o - 440. Let b(q) = 9*q - 28. Give b(r).
-145
Let r(f) = -3*f**3 - 14*f**2 - 8*f - 12. Let v = -4169 + 4165. Determine r(v).
-12
Let n(k) be the first derivative of -k**4/4 - k**3/3 + 3*k**2/2 - 1. Let p be 3/(-18) + 449/(-6). Let v = p - -72. Determine n(v).
9
Let q(l) = 2*l + 8. Let i be q(-3). Let b(h) = i*h - 5 + 5*h**2 - 5*h - h**3 + 9*h. Let f = 1 - -5. Calculate b(f).
-5
Let n(s) be the first derivative of -1/60*s**5 + 1/12*s**4 - 23/3*s**3 + 0*s**2 + 0*s - 15. Let f(b) be the third derivative of n(b). What is f(5)?
-8
Suppose u = 2*u + 2*b - 6, -3*b = 3*u - 6. Let a(m) = -2*m**2 - 2*m + 63. Let v(z) = -7*z**2 - 7*z + 237. Let i(f) = -15*a(f) + 4*v(f). Calculate i(u).
7
Suppose 0 = -4*t + 606 - 46. Suppose 5*d - t = 10*d. Let m = d - -23. Let w(v) = v**3 + 5*v**2 - 4. Give w(m).
-4
Let q = 4883/1410 - -26/705. Let f(r) be the first derivative of 1/4*r**4 + 3*r - q*r**2 - 24 + 7/3*r**3. Give f(-8).
-5
Let n be (1/3 + -1)*(-3 - 3). Let x be (-32)/(-18) - 16/(-72). Suppose 0 = -x*d - n*d - 12. Let k(y) = y**2 - 4*y - 3. Give k(d).
9
Let q(r) = 20*r + 1. Let u be 485/388 + (-2)/8. Calculate q(u).
21
Suppose 4*d = -5*r + 2, -2*r + 4*d + 10 = -r. Suppose 4*v - r*l = 16, 3*l = -5*v + 10*v - 19. Let j(h) = -2*h - 38*h**2 + 5 - v*h + 40*h**2. Determine j(5).
20
Let r be (-16)/(-7) - 20/70. Suppose a = -g, r*a = -9*g + 4*g - 6. Suppose o = 4*c - 16, 4*o + a*c = -0*o + 8. Let f(k) = k + 5. Determine f(o).
5
Let w(g) = -24*g + 146. Let a be w(6). Let m(z) = -6*z**2 - z**2 - z**2 + z**2 - 13*z**a. What is m(1)?
-20
Let h = -1511 - -1510. Let r(o) = 12*o**2 - o - 2*o**2 + 1617 - 1617. Determine r(h).
11
Let k(t) = -1883 + 1892 + 156*t - 184*t. Determine k(-4).
121
Let h(j) = -j**3 - 6*j**2 + 11*j + 17. Let d(v) = 3*v**3 + 19*v**2 - 33*v - 50. Let i(p) = -3*d(p) - 8*h(p). Let w(c) = -10*c - 190. Let r be w(-18). Give i(r).
4
Let m(h) = h**3 + 10*h**2 - 24*h + 10. Let z be m(-12). Let u(k) = -k + 1. Let w(o) = -2. Let c(l) = -u(l) + 2*w(l). Determine c(z).
5
Let d(n) = 9*n**2 - 602*n - 6*n**2 - 606*n - 2*n**2 - 1 + 1209*n. Let i be (-2)/5 + (-54)/(-10). Give d(i).
29
Suppose -4*a = -0*a + 8. Let f(m) = 3*m - 1. Let j(p) = -p. Let d(n) = -3*f(n) - 15*j(n). Let u(i) = 5*i + 2. Let b(k) = 4*d(k) - 5*u(k). Calculate b(a).
4
Suppose 4*v + 8 = 4*n, 0 = -2*n + 4*v + v + 13. Let p(f) = 4*f**2 + 9*f - 268. Let s(t) = -4*t**2 - 8*t + 223. Let b(w) = -5*p(w) - 6*s(w). Give b(n).
3
Suppose 7 = -j + 12. Let u be (3 + -11)*j/(-10). Let a(f) = -3*f**3 + f**2 - 5*f - 3. Let d(h) = -h**3 + h**2 - h - 1. Let s(t) = u*d(t) - a(t). What is s(-2)?
17
Let q(k) be the first derivative of 2*k**3/3 + k**2 - 74*k - 79. Let d(l) be the first derivative of q(l). Calculate d(-1).
-2
Let b = 326 + -318. Suppose 40 = -b*j - 0. Let n(w) = w + 7. Calculate n(j).
2
Let f be 16/8 + 10/(-1). Let i(r) = -r + 1. Let w(u) = 1. Let a(z) = 3*z + 4. Let q(t) = a(t) - 3*w(t). Let g(v) = -2*i(v) - q(v). What is g(f)?
5
Let w(t) = -3*t**2 + 382*t + 2268. Let r be w(133). Let o(x) = 5 + 13*x + 3 + x**2 - 3*x**2. What is o(r)?
1
Suppose p = z + 11, -z + 10 - 41 = -5*p. Let o be z + (-4 + 6 - (-4 + 0)). Let m(g) = g + 8. Give m(o).
8
Let m(r) = -r + 4. Let v(l) = l**2 - 14*l - 13. Suppose 2*d - 6*d - 8 = 0, -2*d - 64 = -4*f. Let k be v(f). Let s be -2*(-6 - k)/(-4). Determine m(s).
8
Let t(v) = -3 - 2*v**3 + 4 + 8*v + 78*v**2 + 62*v**2 - 153*v**2. Calculate t(-7).
-6
Suppose 0 = 8*g - 7 - 17. Suppose -o = 4*o, -g*w - 5*o - 6 = 0. Let p(m) = -m - 2. Determine p(w).
0
Let h(u) = u**3 + 2*u**2 - 1. Let w be (-1)/2 + ((-91)/(-14) - 5). Let q be (-19 + 20)*(-2 + w). What is h(q)?
0
Let s(o) = -5 - 52*o + 42*o - o**2 - 27 + 31*o. Give s(7).
66
Let v(y) be the second derivative of y**4/12 + 17*y**3/6 + 35*y**2/2 + 1999*y. Give v(-14).
-7
Let l(z) = 4*z**2 - 48*z + 1. Suppose -164*p - 127*p = 221*p - 6656. Calculate l(p).
53
Let r(y) = -27*y - 680. Let o be r(-25). Let s(a) = a**3 + 4*a**2 - 12*a - 15. Calculate s(o).
20
Let c(g) = -g**3 + 7*g**2 + 5. Let r(t) = t**3 - 2*t**2 + 3*t - 1. Let v be r(2). Let k(y) = -33*y + 813. Let j be k(24). Suppose -v*x + j = -14. Give c(x).
5
Let u(f) = 1353 + 1346 + f**2 + 1354 - 5*f - 4047. Let w(v) = -v + 2. Let i be w(-2). Give u(i).
2
Suppose 12 = 3*r + 4*o - 7*o, -4*o = 8. Let w(l) = -5*l - r*l - 4*l + 4*l - 3. Calculate w(3).
-24
Let o be ((-84)/168)/((21/(-30))/7). Let q(n) be the second derivative of -1